{"version":"1.0","provider_name":"Auren","provider_url":"https:\/\/aurenweb-stg.servidortemporal.net\/es","author_name":"Auren Espa\u00f1a","author_url":"https:\/\/aurenweb-stg.servidortemporal.net\/es\/author\/auren_es\/","title":"El derecho a la desconexi\u00f3n digital - Auren Espa\u00f1a","type":"rich","width":600,"height":338,"html":"<blockquote class=\"wp-embedded-content\" data-secret=\"k4Nu0gzNH2\"><a href=\"https:\/\/aurenweb-stg.servidortemporal.net\/es\/blog\/el-derecho-a-la-desconexion-digital\/\">El derecho a la desconexi\u00f3n digital<\/a><\/blockquote><iframe sandbox=\"allow-scripts\" security=\"restricted\" src=\"https:\/\/aurenweb-stg.servidortemporal.net\/es\/blog\/el-derecho-a-la-desconexion-digital\/embed\/#?secret=k4Nu0gzNH2\" width=\"600\" height=\"338\" title=\"\u00abEl derecho a la desconexi\u00f3n digital\u00bb \u2014 Auren\" data-secret=\"k4Nu0gzNH2\" frameborder=\"0\" marginwidth=\"0\" marginheight=\"0\" scrolling=\"no\" class=\"wp-embedded-content\"><\/iframe><script>\n\/*! This file is auto-generated *\/\n!function(d,l){\"use strict\";l.querySelector&&d.addEventListener&&\"undefined\"!=typeof URL&&(d.wp=d.wp||{},d.wp.receiveEmbedMessage||(d.wp.receiveEmbedMessage=function(e){var t=e.data;if((t||t.secret||t.message||t.value)&&!\/[^a-zA-Z0-9]\/.test(t.secret)){for(var s,r,n,a=l.querySelectorAll('iframe[data-secret=\"'+t.secret+'\"]'),o=l.querySelectorAll('blockquote[data-secret=\"'+t.secret+'\"]'),c=new RegExp(\"^https?:$\",\"i\"),i=0;i<o.length;i++)o[i].style.display=\"none\";for(i=0;i<a.length;i++)s=a[i],e.source===s.contentWindow&&(s.removeAttribute(\"style\"),\"height\"===t.message?(1e3<(r=parseInt(t.value,10))?r=1e3:~~r<200&&(r=200),s.height=r):\"link\"===t.message&&(r=new URL(s.getAttribute(\"src\")),n=new URL(t.value),c.test(n.protocol))&&n.host===r.host&&l.activeElement===s&&(d.top.location.href=t.value))}},d.addEventListener(\"message\",d.wp.receiveEmbedMessage,!1),l.addEventListener(\"DOMContentLoaded\",function(){for(var e,t,s=l.querySelectorAll(\"iframe.wp-embedded-content\"),r=0;r<s.length;r++)(t=(e=s[r]).getAttribute(\"data-secret\"))||(t=Math.random().toString(36).substring(2,12),e.src+=\"#?secret=\"+t,e.setAttribute(\"data-secret\",t)),e.contentWindow.postMessage({message:\"ready\",secret:t},\"*\")},!1)))}(window,document);\n\/\/# sourceURL=https:\/\/aurenweb-stg.servidortemporal.net\/es\/wp-includes\/js\/wp-embed.min.js\n<\/script>\n","thumbnail_url":"https:\/\/aurenweb-stg.servidortemporal.net\/es\/wp-content\/uploads\/2019\/03\/el-derecho-a-la-desconexion-digital.jpg","thumbnail_width":1920,"thumbnail_height":655,"description":"Imagine este escenario (por otro lado bastante frecuente): un d\u00eda cualquiera surge en su empresa una emergencia, algo que requiere una actuaci\u00f3n inmediata. Sin embargo, la persona responsable que ha de atender ese asunto urgente no est\u00e1 presente (porque est\u00e9 de vacaciones, o fuera de su horario laboral, o&#8230;). La respuesta puede parecerle obvia: llamar a esa persona a pesar de todo."}

Auren España

El derecho a la desconexión digital - Auren España

<blockquote class="wp-embedded-content" data-secret="k4Nu0gzNH2"><a href="https://aurenweb-stg.servidortemporal.net/es/blog/el-derecho-a-la-desconexion-digital/">El derecho a la desconexión digital</a></blockquote><iframe sandbox="allow-scripts" security="restricted" src="https://aurenweb-stg.servidortemporal.net/es/blog/el-derecho-a-la-desconexion-digital/embed/#?secret=k4Nu0gzNH2" width="600" height="338" title="«El derecho a la desconexión digital» — Auren" data-secret="k4Nu0gzNH2" frameborder="0" marginwidth="0" marginheight="0" scrolling="no" class="wp-embedded-content"></iframe><script>
/*! This file is auto-generated */
!function(d,l){"use strict";l.querySelector&&d.addEventListener&&"undefined"!=typeof URL&&(d.wp=d.wp||{},d.wp.receiveEmbedMessage||(d.wp.receiveEmbedMessage=function(e){var t=e.data;if((t||t.secret||t.message||t.value)&&!/[^a-zA-Z0-9]/.test(t.secret)){for(var s,r,n,a=l.querySelectorAll('iframe[data-secret="'+t.secret+'"]'),o=l.querySelectorAll('blockquote[data-secret="'+t.secret+'"]'),c=new RegExp("^https?:$","i"),i=0;i<o.length;i++)o[i].style.display="none";for(i=0;i<a.length;i++)s=a[i],e.source===s.contentWindow&&(s.removeAttribute("style"),"height"===t.message?(1e3<(r=parseInt(t.value,10))?r=1e3:~~r<200&&(r=200),s.height=r):"link"===t.message&&(r=new URL(s.getAttribute("src")),n=new URL(t.value),c.test(n.protocol))&&n.host===r.host&&l.activeElement===s&&(d.top.location.href=t.value))}},d.addEventListener("message",d.wp.receiveEmbedMessage,!1),l.addEventListener("DOMContentLoaded",function(){for(var e,t,s=l.querySelectorAll("iframe.wp-embedded-content"),r=0;r<s.length;r++)(t=(e=s[r]).getAttribute("data-secret"))||(t=Math.random().toString(36).substring(2,12),e.src+="#?secret="+t,e.setAttribute("data-secret",t)),e.contentWindow.postMessage({message:"ready",secret:t},"*")},!1)))}(window,document);
//# sourceURL=https://aurenweb-stg.servidortemporal.net/es/wp-includes/js/wp-embed.min.js
</script>

Imagine este escenario (por otro lado bastante frecuente): un día cualquiera surge en su empresa una emergencia, algo que requiere una actuación inmediata. Sin embargo, la persona responsable que ha de atender ese asunto urgente no está presente (porque esté de vacaciones, o fuera de su horario laboral, o&#8230;). La respuesta puede parecerle obvia: llamar a esa persona a pesar de todo.
