{"id":9792,"date":"2015-06-12T07:54:50","date_gmt":"2015-06-12T05:54:50","guid":{"rendered":"https:\/\/auren.com\/mx\/global-new\/principales-preocupaciones-de-los-auditores-en-2015\/"},"modified":"2015-06-12T07:54:50","modified_gmt":"2015-06-12T05:54:50","slug":"principales-preocupaciones-de-los-auditores-en-2015","status":"publish","type":"global-new","link":"https:\/\/aurenweb-stg.servidortemporal.net\/mx\/global-new\/principales-preocupaciones-de-los-auditores-en-2015\/","title":{"rendered":"Principales preocupaciones de los auditores en 2015"},"content":{"rendered":"<p>Leer el art\u00edculo <a href=\"http:\/\/www.accountingtoday.com\/news\/firm-profession\/accountants-biggest-concerns-in-2015-74413-1.html\">AQUI<\/a><\/p>\n<p><img decoding=\"async\" style=\"width: 429px;height: 281.238px\" data-src=\"http:\/\/www.auren.com\/uploads\/images\/originals\/768.jpg\" src=\"data:image\/svg+xml;base64,PHN2ZyB3aWR0aD0iMSIgaGVpZ2h0PSIxIiB4bWxucz0iaHR0cDovL3d3dy53My5vcmcvMjAwMC9zdmciPjwvc3ZnPg==\" class=\"lazyload\"><\/p>\n<p><!-- AddThis Advanced Settings generic via filter on the_content --><!-- AddThis Share Buttons generic via filter on the_content --><\/p>\n","protected":false},"excerpt":{"rendered":"<p>Art\u00edculo firmado por Antoni G\u00f3mez, miembro del comit\u00e9 de SMP del IFAC y presidente de Auren Internacional y Antea.<br \/>\nPublicado por Accounting Today<\/p>\n","protected":false},"featured_media":6856,"template":"","meta":{"_acf_changed":false},"global-new-category":[],"class_list":["post-9792","global-new","type-global-new","status-publish","has-post-thumbnail","hentry"],"acf":[],"yoast_head":"<!-- This site is optimized with the Yoast SEO plugin v26.7 - https:\/\/yoast.com\/wordpress\/plugins\/seo\/ -->\n<title>Principales preocupaciones de los auditores en 2015 - Auren Mexico<\/title>\n<meta name=\"robots\" content=\"noindex, follow, max-snippet:-1, max-image-preview:large, max-video-preview:-1\" \/>\n<meta property=\"og:locale\" content=\"es_ES\" \/>\n<meta property=\"og:type\" content=\"article\" \/>\n<meta property=\"og:title\" content=\"Principales preocupaciones de los auditores en 2015 - Auren Mexico\" \/>\n<meta property=\"og:description\" content=\"Art\u00edculo firmado por Antoni G\u00f3mez, miembro del comit\u00e9 de SMP del IFAC y presidente de Auren Internacional y Antea. Publicado por Accounting Today\" \/>\n<meta property=\"og:url\" content=\"https:\/\/aurenweb-stg.servidortemporal.net\/mx\/global-new\/principales-preocupaciones-de-los-auditores-en-2015\/\" \/>\n<meta property=\"og:site_name\" content=\"Auren Mexico\" \/>\n<meta property=\"article:publisher\" content=\"https:\/\/www.facebook.com\/AurenMexico\/\" \/>\n<meta property=\"og:image\" content=\"http:\/\/www.auren.com\/uploads\/images\/originals\/768.jpg\" \/>\n<meta name=\"twitter:card\" content=\"summary_large_image\" \/>\n<meta name=\"twitter:site\" content=\"@Auren_Mexico\" \/>\n<script type=\"application\/ld+json\" class=\"yoast-schema-graph\">{\"@context\":\"https:\/\/schema.org\",\"@graph\":[{\"@type\":\"WebPage\",\"@id\":\"https:\/\/aurenweb-stg.servidortemporal.net\/mx\/global-new\/principales-preocupaciones-de-los-auditores-en-2015\/\",\"url\":\"https:\/\/aurenweb-stg.servidortemporal.net\/mx\/global-new\/principales-preocupaciones-de-los-auditores-en-2015\/\",\"name\":\"Principales preocupaciones de los auditores en 2015 - Auren Mexico\",\"isPartOf\":{\"@id\":\"https:\/\/aurenweb-stg.servidortemporal.net\/mx\/#website\"},\"primaryImageOfPage\":{\"@id\":\"https:\/\/aurenweb-stg.servidortemporal.net\/mx\/global-new\/principales-preocupaciones-de-los-auditores-en-2015\/#primaryimage\"},\"image\":{\"@id\":\"https:\/\/aurenweb-stg.servidortemporal.net\/mx\/global-new\/principales-preocupaciones-de-los-auditores-en-2015\/#primaryimage\"},\"thumbnailUrl\":\"https:\/\/aurenweb-stg.servidortemporal.net\/mx\/wp-content\/uploads\/global\/2015\/06\/900x520_32-1.jpg\",\"datePublished\":\"2015-06-12T05:54:50+00:00\",\"breadcrumb\":{\"@id\":\"https:\/\/aurenweb-stg.servidortemporal.net\/mx\/global-new\/principales-preocupaciones-de-los-auditores-en-2015\/#breadcrumb\"},\"inLanguage\":\"es\",\"potentialAction\":[{\"@type\":\"ReadAction\",\"target\":[\"https:\/\/aurenweb-stg.servidortemporal.net\/mx\/global-new\/principales-preocupaciones-de-los-auditores-en-2015\/\"]}]},{\"@type\":\"ImageObject\",\"inLanguage\":\"es\",\"@id\":\"https:\/\/aurenweb-stg.servidortemporal.net\/mx\/global-new\/principales-preocupaciones-de-los-auditores-en-2015\/#primaryimage\",\"url\":\"https:\/\/aurenweb-stg.servidortemporal.net\/mx\/wp-content\/uploads\/global\/2015\/06\/900x520_32-1.jpg\",\"contentUrl\":\"https:\/\/aurenweb-stg.servidortemporal.net\/mx\/wp-content\/uploads\/global\/2015\/06\/900x520_32-1.jpg\",\"width\":900,\"height\":520},{\"@type\":\"BreadcrumbList\",\"@id\":\"https:\/\/aurenweb-stg.servidortemporal.net\/mx\/global-new\/principales-preocupaciones-de-los-auditores-en-2015\/#breadcrumb\",\"itemListElement\":[{\"@type\":\"ListItem\",\"position\":1,\"name\":\"Portada\",\"item\":\"https:\/\/aurenweb-stg.servidortemporal.net\/mx\/\"},{\"@type\":\"ListItem\",\"position\":2,\"name\":\"Principales preocupaciones de los auditores en 2015\"}]},{\"@type\":\"WebSite\",\"@id\":\"https:\/\/aurenweb-stg.servidortemporal.net\/mx\/#website\",\"url\":\"https:\/\/aurenweb-stg.servidortemporal.net\/mx\/\",\"name\":\"Auren Mexico\",\"description\":\"\",\"publisher\":{\"@id\":\"https:\/\/aurenweb-stg.servidortemporal.net\/mx\/#organization\"},\"potentialAction\":[{\"@type\":\"SearchAction\",\"target\":{\"@type\":\"EntryPoint\",\"urlTemplate\":\"https:\/\/aurenweb-stg.servidortemporal.net\/mx\/?s={search_term_string}\"},\"query-input\":{\"@type\":\"PropertyValueSpecification\",\"valueRequired\":true,\"valueName\":\"search_term_string\"}}],\"inLanguage\":\"es\"},{\"@type\":\"Organization\",\"@id\":\"https:\/\/aurenweb-stg.servidortemporal.net\/mx\/#organization\",\"name\":\"Auren Mexico\",\"url\":\"https:\/\/aurenweb-stg.servidortemporal.net\/mx\/\",\"logo\":{\"@type\":\"ImageObject\",\"inLanguage\":\"es\",\"@id\":\"https:\/\/aurenweb-stg.servidortemporal.net\/mx\/#\/schema\/logo\/image\/\",\"url\":\"https:\/\/aurenweb-stg.servidortemporal.net\/mx\/wp-content\/uploads\/2025\/01\/cropped-cropped-favicon-Auren.png\",\"contentUrl\":\"https:\/\/aurenweb-stg.servidortemporal.net\/mx\/wp-content\/uploads\/2025\/01\/cropped-cropped-favicon-Auren.png\",\"width\":512,\"height\":512,\"caption\":\"Auren Mexico\"},\"image\":{\"@id\":\"https:\/\/aurenweb-stg.servidortemporal.net\/mx\/#\/schema\/logo\/image\/\"},\"sameAs\":[\"https:\/\/www.facebook.com\/AurenMexico\/\",\"https:\/\/x.com\/Auren_Mexico\",\"https:\/\/www.youtube.com\/channel\/UCcXaG4Mj_-dazS7WAz2qvKQ\",\"https:\/\/www.linkedin.com\/company\/auren-mxico\"]}]}<\/script>\n<!-- \/ Yoast SEO plugin. -->","yoast_head_json":{"title":"Principales preocupaciones de los auditores en 2015 - Auren Mexico","robots":{"index":"noindex","follow":"follow","max-snippet":"max-snippet:-1","max-image-preview":"max-image-preview:large","max-video-preview":"max-video-preview:-1"},"og_locale":"es_ES","og_type":"article","og_title":"Principales preocupaciones de los auditores en 2015 - Auren Mexico","og_description":"Art\u00edculo firmado por Antoni G\u00f3mez, miembro del comit\u00e9 de SMP del IFAC y presidente de Auren Internacional y Antea. Publicado por Accounting Today","og_url":"https:\/\/aurenweb-stg.servidortemporal.net\/mx\/global-new\/principales-preocupaciones-de-los-auditores-en-2015\/","og_site_name":"Auren Mexico","article_publisher":"https:\/\/www.facebook.com\/AurenMexico\/","og_image":[{"url":"http:\/\/www.auren.com\/uploads\/images\/originals\/768.jpg","type":"","width":"","height":""}],"twitter_card":"summary_large_image","twitter_site":"@Auren_Mexico","schema":{"@context":"https:\/\/schema.org","@graph":[{"@type":"WebPage","@id":"https:\/\/aurenweb-stg.servidortemporal.net\/mx\/global-new\/principales-preocupaciones-de-los-auditores-en-2015\/","url":"https:\/\/aurenweb-stg.servidortemporal.net\/mx\/global-new\/principales-preocupaciones-de-los-auditores-en-2015\/","name":"Principales preocupaciones de los auditores en 2015 - Auren Mexico","isPartOf":{"@id":"https:\/\/aurenweb-stg.servidortemporal.net\/mx\/#website"},"primaryImageOfPage":{"@id":"https:\/\/aurenweb-stg.servidortemporal.net\/mx\/global-new\/principales-preocupaciones-de-los-auditores-en-2015\/#primaryimage"},"image":{"@id":"https:\/\/aurenweb-stg.servidortemporal.net\/mx\/global-new\/principales-preocupaciones-de-los-auditores-en-2015\/#primaryimage"},"thumbnailUrl":"https:\/\/aurenweb-stg.servidortemporal.net\/mx\/wp-content\/uploads\/global\/2015\/06\/900x520_32-1.jpg","datePublished":"2015-06-12T05:54:50+00:00","breadcrumb":{"@id":"https:\/\/aurenweb-stg.servidortemporal.net\/mx\/global-new\/principales-preocupaciones-de-los-auditores-en-2015\/#breadcrumb"},"inLanguage":"es","potentialAction":[{"@type":"ReadAction","target":["https:\/\/aurenweb-stg.servidortemporal.net\/mx\/global-new\/principales-preocupaciones-de-los-auditores-en-2015\/"]}]},{"@type":"ImageObject","inLanguage":"es","@id":"https:\/\/aurenweb-stg.servidortemporal.net\/mx\/global-new\/principales-preocupaciones-de-los-auditores-en-2015\/#primaryimage","url":"https:\/\/aurenweb-stg.servidortemporal.net\/mx\/wp-content\/uploads\/global\/2015\/06\/900x520_32-1.jpg","contentUrl":"https:\/\/aurenweb-stg.servidortemporal.net\/mx\/wp-content\/uploads\/global\/2015\/06\/900x520_32-1.jpg","width":900,"height":520},{"@type":"BreadcrumbList","@id":"https:\/\/aurenweb-stg.servidortemporal.net\/mx\/global-new\/principales-preocupaciones-de-los-auditores-en-2015\/#breadcrumb","itemListElement":[{"@type":"ListItem","position":1,"name":"Portada","item":"https:\/\/aurenweb-stg.servidortemporal.net\/mx\/"},{"@type":"ListItem","position":2,"name":"Principales preocupaciones de los auditores en 2015"}]},{"@type":"WebSite","@id":"https:\/\/aurenweb-stg.servidortemporal.net\/mx\/#website","url":"https:\/\/aurenweb-stg.servidortemporal.net\/mx\/","name":"Auren Mexico","description":"","publisher":{"@id":"https:\/\/aurenweb-stg.servidortemporal.net\/mx\/#organization"},"potentialAction":[{"@type":"SearchAction","target":{"@type":"EntryPoint","urlTemplate":"https:\/\/aurenweb-stg.servidortemporal.net\/mx\/?s={search_term_string}"},"query-input":{"@type":"PropertyValueSpecification","valueRequired":true,"valueName":"search_term_string"}}],"inLanguage":"es"},{"@type":"Organization","@id":"https:\/\/aurenweb-stg.servidortemporal.net\/mx\/#organization","name":"Auren Mexico","url":"https:\/\/aurenweb-stg.servidortemporal.net\/mx\/","logo":{"@type":"ImageObject","inLanguage":"es","@id":"https:\/\/aurenweb-stg.servidortemporal.net\/mx\/#\/schema\/logo\/image\/","url":"https:\/\/aurenweb-stg.servidortemporal.net\/mx\/wp-content\/uploads\/2025\/01\/cropped-cropped-favicon-Auren.png","contentUrl":"https:\/\/aurenweb-stg.servidortemporal.net\/mx\/wp-content\/uploads\/2025\/01\/cropped-cropped-favicon-Auren.png","width":512,"height":512,"caption":"Auren Mexico"},"image":{"@id":"https:\/\/aurenweb-stg.servidortemporal.net\/mx\/#\/schema\/logo\/image\/"},"sameAs":["https:\/\/www.facebook.com\/AurenMexico\/","https:\/\/x.com\/Auren_Mexico","https:\/\/www.youtube.com\/channel\/UCcXaG4Mj_-dazS7WAz2qvKQ","https:\/\/www.linkedin.com\/company\/auren-mxico"]}]}},"_links":{"self":[{"href":"https:\/\/aurenweb-stg.servidortemporal.net\/mx\/wp-json\/wp\/v2\/global-new\/9792","targetHints":{"allow":["GET"]}}],"collection":[{"href":"https:\/\/aurenweb-stg.servidortemporal.net\/mx\/wp-json\/wp\/v2\/global-new"}],"about":[{"href":"https:\/\/aurenweb-stg.servidortemporal.net\/mx\/wp-json\/wp\/v2\/types\/global-new"}],"wp:featuredmedia":[{"embeddable":true,"href":"https:\/\/aurenweb-stg.servidortemporal.net\/mx\/wp-json\/wp\/v2\/media\/6856"}],"wp:attachment":[{"href":"https:\/\/aurenweb-stg.servidortemporal.net\/mx\/wp-json\/wp\/v2\/media?parent=9792"}],"wp:term":[{"taxonomy":"global-new-category","embeddable":true,"href":"https:\/\/aurenweb-stg.servidortemporal.net\/mx\/wp-json\/wp\/v2\/global-new-category?post=9792"}],"curies":[{"name":"wp","href":"https:\/\/api.w.org\/{rel}","templated":true}]}}

<p>Leer el artículo <a href="http://www.accountingtoday.com/news/firm-profession/accountants-biggest-concerns-in-2015-74413-1.html">AQUI</a></p>
<p><img decoding="async" style="width: 429px;height: 281.238px" data-src="http://www.auren.com/uploads/images/originals/768.jpg" src="data:image/svg+xml;base64,PHN2ZyB3aWR0aD0iMSIgaGVpZ2h0PSIxIiB4bWxucz0iaHR0cDovL3d3dy53My5vcmcvMjAwMC9zdmciPjwvc3ZnPg==" class="lazyload"></p>
<p><!-- AddThis Advanced Settings generic via filter on the_content --><!-- AddThis Share Buttons generic via filter on the_content --></p>

<p>Artículo firmado por Antoni Gómez, miembro del comité de SMP del IFAC y presidente de Auren Internacional y Antea.<br />
Publicado por Accounting Today</p>

<!-- This site is optimized with the Yoast SEO plugin v26.7 - https://yoast.com/wordpress/plugins/seo/ -->
<title>Principales preocupaciones de los auditores en 2015 - Auren Mexico</title>
<meta name="robots" content="noindex, follow, max-snippet:-1, max-image-preview:large, max-video-preview:-1" />
<meta property="og:locale" content="es_ES" />
<meta property="og:type" content="article" />
<meta property="og:title" content="Principales preocupaciones de los auditores en 2015 - Auren Mexico" />
<meta property="og:description" content="Artículo firmado por Antoni Gómez, miembro del comité de SMP del IFAC y presidente de Auren Internacional y Antea. Publicado por Accounting Today" />
<meta property="og:url" content="https://aurenweb-stg.servidortemporal.net/mx/global-new/principales-preocupaciones-de-los-auditores-en-2015/" />
<meta property="og:site_name" content="Auren Mexico" />
<meta property="article:publisher" content="https://www.facebook.com/AurenMexico/" />
<meta property="og:image" content="http://www.auren.com/uploads/images/originals/768.jpg" />
<meta name="twitter:card" content="summary_large_image" />
<meta name="twitter:site" content="@Auren_Mexico" />
<script type="application/ld+json" class="yoast-schema-graph">{"@context":"https://schema.org","@graph":[{"@type":"WebPage","@id":"https://aurenweb-stg.servidortemporal.net/mx/global-new/principales-preocupaciones-de-los-auditores-en-2015/","url":"https://aurenweb-stg.servidortemporal.net/mx/global-new/principales-preocupaciones-de-los-auditores-en-2015/","name":"Principales preocupaciones de los auditores en 2015 - Auren Mexico","isPartOf":{"@id":"https://aurenweb-stg.servidortemporal.net/mx/#website"},"primaryImageOfPage":{"@id":"https://aurenweb-stg.servidortemporal.net/mx/global-new/principales-preocupaciones-de-los-auditores-en-2015/#primaryimage"},"image":{"@id":"https://aurenweb-stg.servidortemporal.net/mx/global-new/principales-preocupaciones-de-los-auditores-en-2015/#primaryimage"},"thumbnailUrl":"https://aurenweb-stg.servidortemporal.net/mx/wp-content/uploads/global/2015/06/900x520_32-1.jpg","datePublished":"2015-06-12T05:54:50+00:00","breadcrumb":{"@id":"https://aurenweb-stg.servidortemporal.net/mx/global-new/principales-preocupaciones-de-los-auditores-en-2015/#breadcrumb"},"inLanguage":"es","potentialAction":[{"@type":"ReadAction","target":["https://aurenweb-stg.servidortemporal.net/mx/global-new/principales-preocupaciones-de-los-auditores-en-2015/"]}]},{"@type":"ImageObject","inLanguage":"es","@id":"https://aurenweb-stg.servidortemporal.net/mx/global-new/principales-preocupaciones-de-los-auditores-en-2015/#primaryimage","url":"https://aurenweb-stg.servidortemporal.net/mx/wp-content/uploads/global/2015/06/900x520_32-1.jpg","contentUrl":"https://aurenweb-stg.servidortemporal.net/mx/wp-content/uploads/global/2015/06/900x520_32-1.jpg","width":900,"height":520},{"@type":"BreadcrumbList","@id":"https://aurenweb-stg.servidortemporal.net/mx/global-new/principales-preocupaciones-de-los-auditores-en-2015/#breadcrumb","itemListElement":[{"@type":"ListItem","position":1,"name":"Portada","item":"https://aurenweb-stg.servidortemporal.net/mx/"},{"@type":"ListItem","position":2,"name":"Principales preocupaciones de los auditores en 2015"}]},{"@type":"WebSite","@id":"https://aurenweb-stg.servidortemporal.net/mx/#website","url":"https://aurenweb-stg.servidortemporal.net/mx/","name":"Auren Mexico","description":"","publisher":{"@id":"https://aurenweb-stg.servidortemporal.net/mx/#organization"},"potentialAction":[{"@type":"SearchAction","target":{"@type":"EntryPoint","urlTemplate":"https://aurenweb-stg.servidortemporal.net/mx/?s={search_term_string}"},"query-input":{"@type":"PropertyValueSpecification","valueRequired":true,"valueName":"search_term_string"}}],"inLanguage":"es"},{"@type":"Organization","@id":"https://aurenweb-stg.servidortemporal.net/mx/#organization","name":"Auren Mexico","url":"https://aurenweb-stg.servidortemporal.net/mx/","logo":{"@type":"ImageObject","inLanguage":"es","@id":"https://aurenweb-stg.servidortemporal.net/mx/#/schema/logo/image/","url":"https://aurenweb-stg.servidortemporal.net/mx/wp-content/uploads/2025/01/cropped-cropped-favicon-Auren.png","contentUrl":"https://aurenweb-stg.servidortemporal.net/mx/wp-content/uploads/2025/01/cropped-cropped-favicon-Auren.png","width":512,"height":512,"caption":"Auren Mexico"},"image":{"@id":"https://aurenweb-stg.servidortemporal.net/mx/#/schema/logo/image/"},"sameAs":["https://www.facebook.com/AurenMexico/","https://x.com/Auren_Mexico","https://www.youtube.com/channel/UCcXaG4Mj_-dazS7WAz2qvKQ","https://www.linkedin.com/company/auren-mxico"]}]}</script>
<!-- / Yoast SEO plugin. -->

Artículo firmado por Antoni Gómez, miembro del comité de SMP del IFAC y presidente de Auren Internacional y Antea. Publicado por Accounting Today
