{"id":11098,"date":"2016-02-12T18:05:46","date_gmt":"2016-02-12T17:05:46","guid":{"rendered":"https:\/\/aurenweb-stg.servidortemporal.net\/uy\/new\/259-ajuste-por-inflacion-fiscal-la-dgi-atenua-los-efectos-del-decreto\/"},"modified":"2016-02-12T18:05:46","modified_gmt":"2016-02-12T17:05:46","slug":"259-ajuste-por-inflacion-fiscal-la-dgi-atenua-los-efectos-del-decreto","status":"publish","type":"new","link":"https:\/\/aurenweb-stg.servidortemporal.net\/uy\/noticias\/259-ajuste-por-inflacion-fiscal-la-dgi-atenua-los-efectos-del-decreto\/","title":{"rendered":"259 &#8211; AJUSTE POR INFLACI\u00d3N FISCAL: LA DGI ATEN\u00daA LOS EFECTOS DEL DECRETO"},"content":{"rendered":"<p class=\"has-text-align-justify\">Continuando con este tema tan comentado, recordamos que en la Ley de Presupuesto aprobada en el mes de diciembre pasado, ya se hab\u00edan dispuesto modificaciones en el c\u00e1lculo del ajuste por inflaci\u00f3n fiscal. En tal sentido, se estableci\u00f3 que ya no podr\u00e1 ejercer la opci\u00f3n entre <strong>IPPN o IPC<\/strong>, siendo este \u00faltimo el \u00edndice a utilizar obligatoriamente para <strong>ejercicios iniciados<\/strong> a partir del <strong>1\u00ba de enero 2016.<\/strong><\/p>\n<p class=\"has-text-align-left has-vivid-red-color has-text-color\" style=\"font-size:25px\"><strong>DECRETO N\u00ba 359\/015<\/strong><\/p>\n<p class=\"has-text-align-justify\">Tal como coment\u00e1ramos en el art\u00edculo del pasado 8 de enero, el Poder Ejecutivo emiti\u00f3 a finales del mes de diciembre el <strong>Decreto N\u00ba 359\/015<\/strong>, donde haciendo uso de la facultad otorgada mediante la <strong>Ley N\u00ba 18.083 de Reforma Tributaria<\/strong>, excluy\u00f3 el c\u00e1lculo del ajuste por inflaci\u00f3n fiscal a efectos de la liquidaci\u00f3n del Impuesto a las Rentas de las Actividades Econ\u00f3micas (IRAE), en caso que la variaci\u00f3n del <strong>IPPN <\/strong>ocurrida durante el ejercicio <strong>no supere el 10%.<\/strong><\/p>\n<p class=\"has-text-align-justify\">Dicha disposici\u00f3n, al ser publicada el 30 de diciembre de 2015 ya es aplicable para los ejercicios finalizados el 31 de diciembre de 2015, en la medida que la variaci\u00f3n del <strong>IPPN<\/strong> de ese a\u00f1o ascendi\u00f3 a un <strong>6.59%<\/strong>.<\/p>\n<p class=\"has-text-align-justify\">\u00bfQu\u00e9 ocurrir\u00e1 con los pr\u00f3ximos cierres de ejercicio? Con las normas vigentes, los contribuyentes que hayan iniciado ejercicio <strong>con anterioridad al 1\u00ba\/1\/2016<\/strong>, deber\u00e1n determinar la procedencia de realizar el ajuste en funci\u00f3n de la variaci\u00f3n del <strong>IPPN<\/strong>. En tanto, los contribuyentes que <strong>inicien ejercicio a partir del 1\u00ba\/1\/2016<\/strong>, el c\u00f3mputo o no del ajuste depender\u00e1 de la variaci\u00f3n del <strong>IPC<\/strong>, ocurrida durante el mismo.<\/p>\n<p class=\"has-text-align-left has-vivid-red-color has-text-color\" style=\"font-size:25px\"><strong>RESOLUCION DGI N\u00ba 477\/016<\/strong><\/p>\n<p class=\"has-text-align-justify\">Dado que la aplicaci\u00f3n del <strong>Decreto N\u00ba 359\/2015<\/strong> seguramente modifique el saldo a pagar por parte de los contribuyentes, y tambi\u00e9n puede afectar a aquellos que limitaron el pago de los anticipos de IRAE, la Direcci\u00f3n General Impositiva (DGI) al tener la potestad de fijar los plazos y condiciones para el pago de los tributos que administra, emiti\u00f3 el pasado 28 de enero la <strong>Resoluci\u00f3n N\u00ba 477\/016<\/strong>.<\/p>\n<p class=\"has-text-align-justify\">En dicha norma se establece un plazo especial para efectuar o complementar los anticipos del IRAE del ejercicio, por el importe resultante de la aplicaci\u00f3n del <strong>Decreto N\u00ba 359\/015<\/strong>, seg\u00fan el siguiente detalle:<\/p>\n<p class=\"has-text-align-justify\">El pago correspondiente a la parte del saldo en m\u00e1s del IRAE resultante de la aplicaci\u00f3n este Decreto, podr\u00e1 ser realizado en 6 cuotas mensuales, iguales y consecutivas. La primera de ellas se abonar\u00e1 en la fecha prevista para el pago del saldo del IRAE.<\/p>\n<p class=\"has-text-align-justify\">Para aquellos contribuyentes que hayan reducido los anticipos del IRAE, (potestad otorgada por el <strong>art\u00edculo 31 del C\u00f3digo Tributario<\/strong>, en el caso que estimen que los pagos a cuentas realizados exceder\u00e1n el impuesto anual del ejercicio), las diferencias que pudieran generarse en los mismos como consecuencia de la aplicaci\u00f3n de este Decreto, se considerar\u00e1n abonadas en plazo en tanto se realicen en las mismas condiciones mencionadas en el punto anterior.<\/p>\n<p class=\"has-text-align-justify\">Estas disposiciones ser\u00e1n de aplicaci\u00f3n para los anticipos del impuesto (que se encontraban vencidos a la fecha de entrada en vigencia del <strong>Decreto N\u00ba 359\/015)<\/strong>, y los saldos del mismo, correspondientes a ejercicios finalizados <strong>entre el 31 de diciembre de 2015 y el 31 de octubre de 2016<\/strong>.<\/p>\n<p class=\"has-text-align-justify\">En la medida que se pueda entender que el <strong>Decreto N\u00ba 359\/015<\/strong> vulnera el derecho de seguridad jur\u00eddica establecido por la Constituci\u00f3n, al realizar cambios que inciden en las decisiones ya adoptadas por los contribuyentes, creemos que la emisi\u00f3n de esta Resoluci\u00f3n es de buen recibo tanto por parte de los mismos como de los profesionales que los asesoran, en la medida que flexibiliza el criterio adoptado por el mencionado Decreto<strong>.<\/strong><\/p>\n<p><!-- AddThis Advanced Settings generic via filter on the_content --><!-- AddThis Share Buttons generic via filter on the_content --><\/p>\n","protected":false},"excerpt":{"rendered":"<p>Por el Cr. Javier Rimoldi<\/p>\n","protected":false},"featured_media":11101,"template":"","meta":{"_acf_changed":false,"footnotes":""},"new-category":[],"class_list":["post-11098","new","type-new","status-publish","has-post-thumbnail","hentry"],"acf":[],"_links":{"self":[{"href":"https:\/\/aurenweb-stg.servidortemporal.net\/uy\/wp-json\/wp\/v2\/new\/11098","targetHints":{"allow":["GET"]}}],"collection":[{"href":"https:\/\/aurenweb-stg.servidortemporal.net\/uy\/wp-json\/wp\/v2\/new"}],"about":[{"href":"https:\/\/aurenweb-stg.servidortemporal.net\/uy\/wp-json\/wp\/v2\/types\/new"}],"version-history":[{"count":0,"href":"https:\/\/aurenweb-stg.servidortemporal.net\/uy\/wp-json\/wp\/v2\/new\/11098\/revisions"}],"wp:featuredmedia":[{"embeddable":true,"href":"https:\/\/aurenweb-stg.servidortemporal.net\/uy\/wp-json\/wp\/v2\/media\/11101"}],"wp:attachment":[{"href":"https:\/\/aurenweb-stg.servidortemporal.net\/uy\/wp-json\/wp\/v2\/media?parent=11098"}],"wp:term":[{"taxonomy":"new-category","embeddable":true,"href":"https:\/\/aurenweb-stg.servidortemporal.net\/uy\/wp-json\/wp\/v2\/new-category?post=11098"}],"curies":[{"name":"wp","href":"https:\/\/api.w.org\/{rel}","templated":true}]}}

259 &#8211; AJUSTE POR INFLACIÓN FISCAL: LA DGI ATENÚA LOS EFECTOS DEL DECRETO

<p class="has-text-align-justify">Continuando con este tema tan comentado, recordamos que en la Ley de Presupuesto aprobada en el mes de diciembre pasado, ya se habían dispuesto modificaciones en el cálculo del ajuste por inflación fiscal. En tal sentido, se estableció que ya no podrá ejercer la opción entre <strong>IPPN o IPC</strong>, siendo este último el índice a utilizar obligatoriamente para <strong>ejercicios iniciados</strong> a partir del <strong>1º de enero 2016.</strong></p>
<p class="has-text-align-left has-vivid-red-color has-text-color" style="font-size:25px"><strong>DECRETO Nº 359/015</strong></p>
<p class="has-text-align-justify">Tal como comentáramos en el artículo del pasado 8 de enero, el Poder Ejecutivo emitió a finales del mes de diciembre el <strong>Decreto Nº 359/015</strong>, donde haciendo uso de la facultad otorgada mediante la <strong>Ley Nº 18.083 de Reforma Tributaria</strong>, excluyó el cálculo del ajuste por inflación fiscal a efectos de la liquidación del Impuesto a las Rentas de las Actividades Económicas (IRAE), en caso que la variación del <strong>IPPN </strong>ocurrida durante el ejercicio <strong>no supere el 10%.</strong></p>
<p class="has-text-align-justify">Dicha disposición, al ser publicada el 30 de diciembre de 2015 ya es aplicable para los ejercicios finalizados el 31 de diciembre de 2015, en la medida que la variación del <strong>IPPN</strong> de ese año ascendió a un <strong>6.59%</strong>.</p>
<p class="has-text-align-justify">¿Qué ocurrirá con los próximos cierres de ejercicio? Con las normas vigentes, los contribuyentes que hayan iniciado ejercicio <strong>con anterioridad al 1º/1/2016</strong>, deberán determinar la procedencia de realizar el ajuste en función de la variación del <strong>IPPN</strong>. En tanto, los contribuyentes que <strong>inicien ejercicio a partir del 1º/1/2016</strong>, el cómputo o no del ajuste dependerá de la variación del <strong>IPC</strong>, ocurrida durante el mismo.</p>
<p class="has-text-align-left has-vivid-red-color has-text-color" style="font-size:25px"><strong>RESOLUCION DGI Nº 477/016</strong></p>
<p class="has-text-align-justify">Dado que la aplicación del <strong>Decreto Nº 359/2015</strong> seguramente modifique el saldo a pagar por parte de los contribuyentes, y también puede afectar a aquellos que limitaron el pago de los anticipos de IRAE, la Dirección General Impositiva (DGI) al tener la potestad de fijar los plazos y condiciones para el pago de los tributos que administra, emitió el pasado 28 de enero la <strong>Resolución Nº 477/016</strong>.</p>
<p class="has-text-align-justify">En dicha norma se establece un plazo especial para efectuar o complementar los anticipos del IRAE del ejercicio, por el importe resultante de la aplicación del <strong>Decreto Nº 359/015</strong>, según el siguiente detalle:</p>
<p class="has-text-align-justify">El pago correspondiente a la parte del saldo en más del IRAE resultante de la aplicación este Decreto, podrá ser realizado en 6 cuotas mensuales, iguales y consecutivas. La primera de ellas se abonará en la fecha prevista para el pago del saldo del IRAE.</p>
<p class="has-text-align-justify">Para aquellos contribuyentes que hayan reducido los anticipos del IRAE, (potestad otorgada por el <strong>artículo 31 del Código Tributario</strong>, en el caso que estimen que los pagos a cuentas realizados excederán el impuesto anual del ejercicio), las diferencias que pudieran generarse en los mismos como consecuencia de la aplicación de este Decreto, se considerarán abonadas en plazo en tanto se realicen en las mismas condiciones mencionadas en el punto anterior.</p>
<p class="has-text-align-justify">Estas disposiciones serán de aplicación para los anticipos del impuesto (que se encontraban vencidos a la fecha de entrada en vigencia del <strong>Decreto Nº 359/015)</strong>, y los saldos del mismo, correspondientes a ejercicios finalizados <strong>entre el 31 de diciembre de 2015 y el 31 de octubre de 2016</strong>.</p>
<p class="has-text-align-justify">En la medida que se pueda entender que el <strong>Decreto Nº 359/015</strong> vulnera el derecho de seguridad jurídica establecido por la Constitución, al realizar cambios que inciden en las decisiones ya adoptadas por los contribuyentes, creemos que la emisión de esta Resolución es de buen recibo tanto por parte de los mismos como de los profesionales que los asesoran, en la medida que flexibiliza el criterio adoptado por el mencionado Decreto<strong>.</strong></p>
<p><!-- AddThis Advanced Settings generic via filter on the_content --><!-- AddThis Share Buttons generic via filter on the_content --></p>
